-488)/27?
16
Suppose 13411*h = 13421*h - 2780. What is the remainder when h is divided by 31?
30
Let r = -9409 - -9909. Calculate the remainder when r is divided by 160.
20
Let q be (0 - -320) + 0/(-65). Let o = q + -297. Calculate the remainder when o is divided by -24*(20/8 - 3).
11
Let i = 1527 + -1504. What is the remainder when 110 is divided by i?
18
Let m = 291 + -270. What is the remainder when m/(504/(-32)) - (-1640)/6 is divided by 31?
24
Let h be -6*(4/(-24))/((-1)/(-4)). Let x be 45/12 + 3/(-4). Suppose 0 = h*o - x*b - 102, 3*b = -5*o - b + 112. Calculate the remainder when 45 is divided by o.
21
Let k(a) = 24*a + 3*a - 28*a - 131 + 16*a. Let s = 5 + 2. Calculate the remainder when k(10) is divided by s.
5
Let p be (-1052)/3*39/(-52). Suppose 9*j - 79 = p. What is the remainder when 124 is divided by j?
10
Let v(s) = 31*s**3 - 3*s**2 - 36*s + 58. What is the remainder when v(4) is divided by 1845?
5
Let o = 69 + -73. Let q be 3/(-1 - 10/o). Suppose -b + 55 = -c, b - q*c - 55 = 3*c. Calculate the remainder when b is divided by 28.
27
Let o = 86 + -35. Suppose 48 = -17*a + 23*a. Suppose 17 = m - h + 6*h, 0 = -4*h - a. What is the remainder when o is divided by m?
24
Suppose -2*o - 78 = o. Let f = o + 95. Suppose -4*c - 4*m + 8 = 0, -2*c - 5*m = 13 - 2. What is the remainder when f is divided by c?
6
Let i = -6 - -23. Suppose -i = 2*s - 17. Suppose -f + 24 = -3*a + 6*a, s = f + 4*a - 25. What is the remainder when f is divided by 11?
10
Let w(s) = -2*s + 28. Let q(n) = -7*n - 9. Let g be q(-9). Let b be g/7 + 6/21. Calculate the remainder when 47 is divided by w(b).
11
Suppose -12*w + 11*w + 3*i = -79, 3*w = -2*i + 248. Let r = w + -63. Calculate the remainder when 224 is divided by r.
15
Let m(z) = z**2 - 2*z - 4. Suppose q - 2*r = 96, 0 = -q - 803*r + 801*r + 92. What is the remainder when q is divided by m(4)?
2
Let y = 408 - 218. Suppose -5*t = 75 - y. Suppose 64*v + 45*v - 568 = 195. Calculate the remainder when t is divided by v.
2
Let w(z) = z**3 - 10*z**2 + 6*z - 6. What is the remainder when w(10) is divided by (-75)/(-6) + (-6)/4?
10
Let p(y) be the second derivative of 15*y**3/2 - 19*y**2 + 33*y. Calculate the remainder when 141 is divided by p(2).
37
Let v(c) be the first derivative of 7*c**2 - 41*c + 45. Calculate the remainder when v(7) is divided by 17.
6
Suppose 3*f - 13*f + 8010 = 0. Let s = -645 + f. What is the remainder when s is divided by 48?
12
Suppose 669*m + 14586 = 890*m. What is the remainder when 618 is divided by m?
24
Let q = -31593 - -31605. Let m(n) be the first derivative of 5*n**2 + 1. Calculate the remainder when m(2) is divided by q.
8
Let u(y) be the third derivative of -y**4/24 + 40*y**3/3 - 89*y**2. What is the remainder when u(31) is divided by 17?
15
Suppose 221 = 13*d - 2691. Calculate the remainder when d is divided by 29.
21
Suppose -37*h + 13*h + 6674 = 23*h. What is the remainder when 261 is divided by h?
119
Let f(u) = -222*u - 1507. Calculate the remainder when f(-9) is divided by 222.
47
Let q(x) = -x**3 + 6*x**2 + 6*x + 4. Let r be q(6). Let a = r + -27. What is the remainder when 42 is divided by 115/a - (-4)/26?
6
What is the remainder when (26025/(-20))/(-15) + 9/36 is divided by 23?
18
What is the remainder when (-6)/168*-14*(4476 - -2) is divided by 80?
79
Suppose 5*x - x - 472 = 0. Calculate the remainder when x is divided by (10 - (3 - 4)) + 3 + 2.
6
Let t = -6 + 12. Calculate the remainder when 46/483*828 + (-15)/(-7) is divided by t.
3
Let y(a) = -a + 128. What is the remainder when y(0) is divided by (-224 - 1)*480/(-2400)?
38
Let d = 212 + -179. Let m = -15 + 73. Calculate the remainder when m is divided by d.
25
Suppose 29 = -5*p + 174. Calculate the remainder when p is divided by (-6)/(-21) - (-4 + (-360)/63).
9
Suppose l = -4*o + 6*l + 205, 4*o - 200 = 4*l. Let p = 147 - -76. Calculate the remainder when p is divided by o.
43
Calculate the remainder when 32557 is divided by (-7)/(231/(-2)) + (-3156)/(-198).
13
Suppose -20*t = 24*t - 5*t - 5304. What is the remainder when 552 is divided by t?
8
Let b(y) be the second derivative of 0 + 2*y + 2/3*y**3 - 7/2*y**2 + 1/12*y**4. Calculate the remainder when 18 is divided by b(-6).
3
Suppose 0*x + x - 10 = -3*h, -3 = 3*h. Suppose -14 = -3*s + x. Let t = -174 - -216. Calculate the remainder when t is divided by s.
6
Let c(u) = -u - 1. Let m(p) = -3*p - 2. Let z(x) = -3*c(x) + 2*m(x). Calculate the remainder when 116 is divided by z(-6).
14
Let w(z) = -12*z**3 - 21*z**2 - 48*z + 6. What is the remainder when w(-5) is divided by 123?
114
Let u = 636 - 616. Let h(s) = s + 156. Calculate the remainder when h(u) is divided by 45.
41
Let a = 547 + -533. What is the remainder when 2/6 - 1420/(-15) is divided by a?
11
Let f be (-7)/(-3) - (-8)/12. Let g be -6 + (42 - 7) - -3. Suppose -f*r + g = -1. What is the remainder when r is divided by 6?
5
Let y(x) = 3*x**3 - 10*x**2 - 28*x + 109. What is the remainder when 8175 is divided by y(5)?
91
Suppose 0*o + 5*o - 469 = -3*i, 3*i + 2*o = 454. Suppose 24*l - 26*l + s + 56 = 0, 4*l = -s + 106. What is the remainder when i is divided by l?
13
Suppose 4*z - 541 = 739. What is the remainder when 403 is divided by z?
83
Let n(g) = -83*g + 517. What is the remainder when 595 is divided by n(4)?
40
Let x(j) = -2*j**2 - 48*j - 161. What is the remainder when x(-18) is divided by 18?
1
Let p = -10318 + 10331. Let z(w) = 22*w**2 + 2*w + 1. Calculate the remainder when z(-2) is divided by p.
7
Suppose 9*u - 2403 = -828. Suppose 3*x = -4*s + 645, -x - x = -s + u. Calculate the remainder when s is divided by 14.
11
Let l(k) = 11*k - 183. Let w(x) = 4*x - 61. Let c(v) = 2*l(v) - 7*w(v). What is the remainder when 80 is divided by c(9)?
3
Let y be (-8)/(-3)*(0 - (-2 - -203)). Let i = y + 751. What is the remainder when i is divided by 17?
11
Suppose 129*m + 24*m + 16*m = 11154. Calculate the remainder when 3493 is divided by m.
61
Let i be ((-12)/(-15))/((-5)/(-25)). Let m = i + 15. What is the remainder when 85 is divided by 2 + -1 + (m + 1 - -1)?
19
Suppose -11*y + 19*y + 94 - 446 = 0. What is the remainder when 788 is divided by y?
40
Let u(n) = 2*n**2 + 8*n - 6. Let g be u(-5). Suppose 0 = -12*v + 9*v + 2*l + 147, -g*v - 2*l + 210 = 0. Calculate the remainder when 205 is divided by v.
1
Let y(x) = -14*x + 336. Calculate the remainder when 598 is divided by y(22).
10
Suppose 60 = i - 558. Let g = 359 - 349. Calculate the remainder when i is divided by g.
8
Let c = -9 + 15. Let h(r) = r + 19. Let d be h(-11). Suppose -4*b + 72 = d*b. Calculate the remainder when c is divided by b.
0
Let p = 29365 + -29341. Calculate the remainder when 93 is divided by p.
21
Let u be (-34)/(-51) + 10/(-6). Calculate the remainder when 174 is divided by (-5 - u) + 18*(-21)/(-14).
13
Suppose -3*x = -2*j - 0*j + 5, -24 = -3*j - x. Suppose 2*c - 45 = j. What is the remainder when c is divided by (3 - -2) + (3 - 1)?
5
Suppose 170*b - 863 = -1560 + 7157. Calculate the remainder when 3455 is divided by b.
35
Suppose 18*b + 4*b - 4620 = 0. Calculate the remainder when 413 is divided by b.
203
Suppose -4*y = -4*q + 956, 11*q - 938 = 7*q + y. Calculate the remainder when 630 is divided by q.
164
Suppose -720*n = 4*h - 721*n - 680, 0 = 4*n. What is the remainder when 181 is divided by h?
11
Let v(p) = -27*p - 5. Let h = 2059 + -2040. What is the remainder when v(-10) is divided by h?
18
Suppose -32*u = -19*u - 741. Let p = -16 - -28. What is the remainder when u is divided by p?
9
Let f = 54 - 105. Let s = -46 - f. Suppose -4*q + 3 = z - 2, -75 = -2*z + s*q. Calculate the remainder when z is divided by 9.
7
Let v be -38*(-27)/12 + (-2)/4. Suppose -v = -5*a + 5*g, 0*g - 2*g = 4. What is the remainder when (-1)/(-6) + 1645/30 is divided by a?
10
Let y(r) = -r**3 - 48*r**2 - 149*r - 128. Calculate the remainder when y(-45) is divided by 85.
77
Let h(y) = 3*y - 35. Let o be h(33). Let a = o + -27. Calculate the remainder when a is divided by 26.
11
Suppose 808*v = 809*v - 53. What is the remainder when 210 is divided by v?
51
Let m(z) = -z**3 - 23*z**2 - 10*z - 1432. What is the remainder when 1*(-541)/(-2)*2 is divided by m(-25)?
65
Suppose 37*n - 301 = 30*n. Let y = -111 - -232. What is the remainder when y is divided by n?
35
Let 